013
List the prime factors of 3032770.
2, 5, 13, 41, 569
What are the prime factors of 474796?
2, 7, 31, 547
List the prime factors of 349021.
37, 9433
What are the prime factors of 204119?
17, 12007
What are the prime factors of 2297511?
3, 85093
What are the prime factors of 4155175?
5, 166207
What are the prime factors of 2458042?
2, 1229021
List the prime factors of 216484.
2, 54121
What are the prime factors of 138886?
2, 11, 59, 107
List the prime factors of 98034.
2, 3, 16339
What are the prime factors of 31271845?
5, 11, 37, 127
List the prime factors of 5988580.
2, 5, 13, 31, 743
List the prime factors of 535630.
2, 5, 29, 1847
What are the prime factors of 3260728?
2, 113, 3607
What are the prime factors of 173345?
5, 37, 937
What are the prime factors of 2097519?
3, 41, 17053
What are the prime factors of 425430?
2, 3, 5, 29, 163
What are the prime factors of 236402?
2, 17, 409
What are the prime factors of 3473846?
2, 19, 113, 809
List the prime factors of 2469146.
2, 43, 28711
What are the prime factors of 2691443?
2691443
What are the prime factors of 999406?
2, 43, 11621
List the prime factors of 2719.
2719
List the prime factors of 694200.
2, 3, 5, 13, 89
What are the prime factors of 14044?
2, 3511
What are the prime factors of 37478?
2, 7, 2677
List the prime factors of 3467501.
29, 119569
List the prime factors of 26066284.
2, 6516571
List the prime factors of 4427194.
2, 43, 51479
What are the prime factors of 194662?
2, 13, 7487
What are the prime factors of 369345?
3, 5, 24623
List the prime factors of 1796258.
2, 898129
What are the prime factors of 277994?
2, 29, 4793
List the prime factors of 297443.
37, 8039
List the prime factors of 514943.
11, 13, 277
What are the prime factors of 8045125?
5, 11, 5851
What are the prime factors of 4115454?
2, 3, 7, 97987
List the prime factors of 3607176.
2, 3, 150299
What are the prime factors of 18134194?
2, 13, 31, 149, 151
What are the prime factors of 70641?
3, 47, 167
List the prime factors of 7918.
2, 37, 107
List the prime factors of 7594332.
2, 3, 131, 4831
List the prime factors of 274452.
2, 3, 22871
List the prime factors of 4288287.
3, 89, 16061
What are the prime factors of 177280?
2, 5, 277
List the prime factors of 756264.
2, 3, 31511
What are the prime factors of 25648762?
2, 401, 31981
List the prime factors of 118795.
5, 23, 1033
List the prime factors of 65314.
2, 17, 113
What are the prime factors of 48405?
3, 5, 7, 461
What are the prime factors of 198841?
198841
List the prime factors of 1163590.
2, 5, 116359
What are the prime factors of 24435902?
2, 17, 718703
List the prime factors of 2194503.
3, 731501
List the prime factors of 2860622.
2, 53, 26987
List the prime factors of 5565670.
2, 5, 11, 19, 2663
List the prime factors of 1459799.
11, 132709
List the prime factors of 1281771.
3, 29, 1637
What are the prime factors of 901446?
2, 3, 7, 13, 127
What are the prime factors of 6090621?
3, 19, 106853
What are the prime factors of 790373?
239, 3307
List the prime factors of 302446.
2, 97, 1559
What are the prime factors of 531656?
2, 66457
What are the prime factors of 635775?
3, 5, 7, 173
List the prime factors of 217866.
2, 3, 11, 3301
What are the prime factors of 652881?
3, 283, 769
What are the prime factors of 1244365?
5, 191, 1303
List the prime factors of 7646558.
2, 71, 53849
List the prime factors of 89219.
13, 6863
What are the prime factors of 732722?
2, 443, 827
What are the prime factors of 76537?
76537
What are the prime factors of 1007668?
2, 251917
List the prime factors of 1242695.
5, 19, 103, 127
What are the prime factors of 404351?
139, 2909
List the prime factors of 6024194.
2, 11, 273827
List the prime factors of 10074698.
2, 5037349
List the prime factors of 976598.
2, 7, 79, 883
What are the prime factors of 785236?
2, 109, 1801
List the prime factors of 100502.
2, 31, 1621
What are the prime factors of 226890?
2, 3, 5, 2521
What are the prime factors of 112090?
2, 5, 11, 1019
List the prime factors of 422337.
3, 140779
What are the prime factors of 10901?
11, 991
What are the prime factors of 319858?
2, 7, 11, 31, 67
List the prime factors of 9083359.
9083359
What are the prime factors of 664234?
2, 332117
List the prime factors of 121056.
2, 3, 13, 97
List the prime factors of 13183744.
2, 7, 1051
What are the prime factors of 652385?
5, 130477
List the prime factors of 1794790.
2, 5, 179479
List the prime factors of 381877.
37, 10321
List the prime factors of 102250.
2, 5, 409
What are the prime factors of 3517757?
59, 109, 547
List the prime factors of 824326.
2, 641, 643
List the prime factors of 9688964.
2, 2422241
List the prime factors of 21406261.
23, 930707
List the prime factors of 2119436.
2, 11, 29, 151
List the prime factors of 779264.
2, 761
What are the prime factors of 237693?
3, 79231
List the prime factors of 163932.
2, 3, 19, 719
What are the prime factors of 252554?
2, 197, 641
List the prime factors of 194351.
19, 53, 193
What are the prime factors of 712305?
3, 5, 11, 1439
What are the prime factors of 193032?
2, 3, 7, 383
List the prime factors of 335495.
5, 17, 3947
List the prime factors of 1274971.
307, 4153
List the prime factors of 23561886.
2, 3, 59, 101, 659
List the prime factors of 373986.
2, 3, 79, 263
List the prime factors of 3302289.
3, 59, 691
What are the prime factors of 3128479?
79, 199
What are the prime factors of 196637?
7, 4013
List the prime factors of 4716567.
3, 524063
List the prime factors of 700559.
769, 911
List the prime factors of 2064322.
2, 13, 79397
List the prime factors of 65765.
5, 7, 1879
What are the prime factors of 18526398?
2, 3, 11, 280703
List the prime factors of 497599.
89, 5591
List the prime factors of 206376.
2, 3, 8599
What are the prime factors of 7964109?
3, 17, 17351
List the prime factors of 1314.
2, 3, 73
What are the prime factors of 1899130?
2, 5, 189913
List the prime factors of 932611.
29, 32159
What are the prime factors of 20394517?
11, 13, 142619
What are the prime factors of 185441?
185441
What are the prime factors of 1274479?
487, 2617
List the prime factors of 355419.
3, 17, 23, 101
What are the prime factors of 7596704?
2, 47, 5051
List the prime factors of 657487.
337, 1951
List the prime factors of 14904.
2, 3, 23
List the prime factors of 8313200.
2, 5, 7, 2969
List the prime factors of 3799979.
79, 103, 467
List the prime factors of 458671.
523, 877
What are the prime factors of 2961896?
2, 7, 227, 233
List the prime factors of 568004.
2, 17, 8353
List the prime factors of 164625.
3, 5, 439
List the prime factors of 30879019.
53, 582623
What are the prime factors of 213137?
131, 1627
What are the prime factors of 5384201?
19, 251, 1129
List the prime factors of 110712.
2, 3, 7, 659
What are the prime factors of 8537971?
13, 277, 2371
List the prime factors of 1502283.
3, 127, 3943
What are the prime factors of 305969?
23, 53, 251
List the prime factors of 180886.
2, 149, 607
List the prime factors of 789347.
13, 60719
What are the prime factors of 23709627?
3, 2634403
List the prime factors of 417930.
2, 3, 5, 13931
What are the prime factors of 214277?
7, 4373
What are the prime factors of 327939?
3, 109313
List the prime factors of 1505.
5, 7, 43
What are the prime factors of 1479818?
2, 739909
What are the prime factors of 1566885?
3, 5, 104459
List the prime factors of 298974.
2, 3, 13, 3833
List the prime factors of 364395.
3, 5, 17, 1429
What are the prime factors of 11317828?
2, 953, 2969
List the prime factors of 493609.
29, 17021
List the prime factors of 423021.
3, 37, 103
What are the prime factors of 117884?
2, 13, 2267
What are the prime factors of 220669?
149, 1481
What are the prime factors of 623451?
3, 71, 2927
List the prime factors of 1675484.
2, 418871
What are the prime factors of 211857?
3, 70619
What are the prime factors of 1909874?
2, 23, 41519
List the prime factors of 14410181.
14410181
What are the prime factors of 3633153?
3, 1211051
List the prime factors of 729700.
2, 5, 7297
What are the prime factors of 33839672?
2, 641, 6599
List the prime factors of 7755431.
1759, 4409
List the prime factors of 819495.
3, 5, 18211
What are the prime factors of 689010?
2, 3, 5, 7, 17, 193
List the prime factors of 64264